.
101, 4001
List the prime factors of 477411.
3, 11, 17, 23, 37
What are the prime factors of 233037?
3, 7, 137
List the prime factors of 360918.
2, 3, 20051
What are the prime factors of 12348064?
2, 385877
List the prime factors of 296932.
2, 19, 3907
What are the prime factors of 1048288?
2, 17, 41, 47
List the prime factors of 1746724.
2, 7, 62383
What are the prime factors of 3771421?
29, 47, 2767
List the prime factors of 3754030.
2, 5, 7, 53629
What are the prime factors of 4614771?
3, 7, 31393
List the prime factors of 245869.
13, 18913
List the prime factors of 11611814.
2, 5805907
What are the prime factors of 1129312?
2, 35291
List the prime factors of 1890198.
2, 3, 173, 607
What are the prime factors of 120726?
2, 3, 19, 353
What are the prime factors of 491870?
2, 5, 101, 487
List the prime factors of 217918.
2, 108959
List the prime factors of 6851167.
6851167
What are the prime factors of 6590578?
2, 1013, 3253
What are the prime factors of 18638949?
3, 7, 887569
What are the prime factors of 291654?
2, 3, 11, 491
What are the prime factors of 527506?
2, 7, 41, 919
What are the prime factors of 430514?
2, 7, 23, 191
List the prime factors of 2058500.
2, 5, 23, 179
What are the prime factors of 36116778?
2, 3, 463, 13001
What are the prime factors of 1708159?
1708159
List the prime factors of 210371.
7, 41, 733
List the prime factors of 10178076.
2, 3, 848173
What are the prime factors of 143339?
7, 20477
What are the prime factors of 2292499?
11, 208409
What are the prime factors of 286655?
5, 57331
What are the prime factors of 7499902?
2, 3749951
What are the prime factors of 108965?
5, 19, 31, 37
List the prime factors of 1324222.
2, 662111
List the prime factors of 182476.
2, 7, 19
What are the prime factors of 28213861?
13, 53, 40949
List the prime factors of 818380.
2, 5, 17, 29, 83
List the prime factors of 1166240.
2, 5, 37, 197
List the prime factors of 19155125.
5, 11, 13931
What are the prime factors of 786777?
3, 17, 15427
List the prime factors of 103998.
2, 3, 17333
List the prime factors of 1984752.
2, 3, 7, 11, 179
What are the prime factors of 2459738?
2, 1229869
What are the prime factors of 6512778?
2, 3, 120607
List the prime factors of 1559585.
5, 379, 823
List the prime factors of 7891756.
2, 1972939
List the prime factors of 11734699.
197, 59567
What are the prime factors of 23409526?
2, 7, 31, 53939
What are the prime factors of 356732?
2, 101, 883
What are the prime factors of 198887?
13, 15299
List the prime factors of 17406926.
2, 19, 83, 5519
What are the prime factors of 429803?
11, 41, 953
List the prime factors of 21071753.
643, 32771
What are the prime factors of 1003165?
5, 313, 641
What are the prime factors of 6065163?
3, 13, 51839
List the prime factors of 2461072.
2, 153817
List the prime factors of 3884193.
3, 79, 607
What are the prime factors of 2695438?
2, 193, 6983
What are the prime factors of 2268611?
31, 73181
What are the prime factors of 11076804?
2, 3, 102563
What are the prime factors of 57216?
2, 3, 149
What are the prime factors of 1730757?
3, 7, 73, 1129
What are the prime factors of 140667?
3, 46889
What are the prime factors of 3199129?
3199129
List the prime factors of 171001.
271, 631
List the prime factors of 331240.
2, 5, 7, 13
List the prime factors of 875789.
17, 51517
List the prime factors of 2886425.
5, 263, 439
What are the prime factors of 7444340?
2, 5, 31, 12007
List the prime factors of 20658391.
13, 9403
List the prime factors of 93687.
3, 11, 17, 167
List the prime factors of 929412.
2, 3, 11, 2347
What are the prime factors of 436265?
5, 87253
List the prime factors of 273448.
2, 7, 19, 257
List the prime factors of 2478299.
947, 2617
What are the prime factors of 1632033?
3, 13, 29, 37
What are the prime factors of 188882?
2, 94441
What are the prime factors of 23789889?
3, 23, 29, 1321
List the prime factors of 298559.
298559
List the prime factors of 492022.
2, 246011
What are the prime factors of 24136070?
2, 5, 7, 344801
What are the prime factors of 3646513?
13, 21577
What are the prime factors of 17632677?
3, 5877559
What are the prime factors of 4007709?
3, 41, 10861
List the prime factors of 156578.
2, 79, 991
List the prime factors of 1923678.
2, 3, 106871
List the prime factors of 493104.
2, 3, 10273
List the prime factors of 1908126.
2, 3, 11, 23, 419
What are the prime factors of 4827549?
3, 229, 7027
What are the prime factors of 2123434?
2, 1061717
What are the prime factors of 3213713?
487, 6599
What are the prime factors of 11471690?
2, 5, 1147169
What are the prime factors of 5343989?
7, 191, 571
What are the prime factors of 9822526?
2, 7, 701609
List the prime factors of 3020899.
7, 61651
List the prime factors of 1129289.
7, 29, 5563
List the prime factors of 3837039.
3, 1279013
What are the prime factors of 147388?
2, 36847
What are the prime factors of 357209?
523, 683
What are the prime factors of 737190?
2, 3, 5, 8191
What are the prime factors of 116062?
2, 58031
List the prime factors of 71209.
71209
What are the prime factors of 450796?
2, 251, 449
What are the prime factors of 11088300?
2, 3, 5, 23, 1607
What are the prime factors of 135076?
2, 33769
List the prime factors of 556223.
17, 32719
What are the prime factors of 9079298?
2, 4539649
List the prime factors of 18940.
2, 5, 947
What are the prime factors of 932007?
3, 19, 83, 197
List the prime factors of 30947266.
2, 7, 1237, 1787
List the prime factors of 24487332.
2, 3, 41, 71, 701
What are the prime factors of 12830629?
7, 1832947
What are the prime factors of 20634751?
20634751
What are the prime factors of 258090?
2, 3, 5, 7, 1229
What are the prime factors of 45022?
2, 22511
What are the prime factors of 34602?
2, 3, 73, 79
List the prime factors of 18437834.
2, 9218917
List the prime factors of 177968.
2, 7, 227
List the prime factors of 13513788.
2, 3, 19, 23, 859
What are the prime factors of 1930293?
3, 139, 1543
What are the prime factors of 901278?
2, 3, 7, 23, 311
List the prime factors of 156066.
2, 3, 19, 37
List the prime factors of 18471734.
2, 9235867
List the prime factors of 297226.
2, 353, 421
What are the prime factors of 357362?
2, 178681
What are the prime factors of 12555585?
3, 5, 7, 23, 1733
List the prime factors of 458775.
3, 5, 2039
List the prime factors of 885388.
2, 7, 103, 307
List the prime factors of 6041574.
2, 3, 7, 11, 1453
List the prime factors of 845498.
2, 422749
List the prime factors of 1916277.
3, 11, 5279
List the prime factors of 130291.
7, 2659
What are the prime factors of 16431134?
2, 107, 76781
What are the prime factors of 11761467?
3, 17, 103, 2239
List the prime factors of 11478591.
3, 47237
List the prime factors of 163666.
2, 19, 59, 73
List the prime factors of 15582989.
15582989
What are the prime factors of 483909?
3, 161303
List the prime factors of 501673.
31, 16183
What are the prime factors of 2333619?
3, 383, 677
What are the prime factors of 12625058?
2, 43, 73, 2011
What are the prime factors of 178923?
3, 19, 43, 73
List the prime factors of 178702.
2, 199, 449
List the prime factors of 98395.
5, 11, 1789
List the prime factors of 322184.
2, 17, 23, 103
What are the prime factors of 406177?
406177
What are the prime factors of 207733?
43, 4831
What are the prime factors of 322131?
3, 107377
List the prime factors of 3171021.
3, 7, 31, 4871
List the prime factors of 31825.
5, 19, 67
List the prime factors of 144320.
2, 5, 11, 41
What are the prime factors of 1821493?
331, 5503
List the prime factors of 1364563.
139, 9817
List the prime factors of 7435815.
3, 5, 31, 15991
What are the prime factors of 112175?
5, 7, 641
What are the prime factors of 63621?
3, 7069
List the prime factors of 560358.
2, 3, 1153
What are the prime factors of 224990?
2, 5, 149, 151
What are the prime factors of 329152?
2, 37, 139
List the prime factors of 36947644.
2, 9236911
List the prime factors of 20003687.
11, 641, 2837
List the prime factors of 7637613.
3, 137, 18583
List the prime factors of 4479204.
2, 3, 23, 16229
What are the prime factors of 5222744?
2, 41, 15923
List the prime factors of 52706.
2, 19, 73
What are the prime factors of 2246390?
2, 5, 41, 5479
List the prime factors of 8835688.
2, 131, 8431
List the